+ 14902. Calculate the remainder when a is divided by 49.
47
Let h = -7 - -32. Let q(y) = -3*y**3 - 18*y**2 + 66*y - 18. What is the remainder when q(-10) is divided by h?
22
Let k(j) be the second derivative of 3*j + 5/2*j**2 + 0 + 7/6*j**3. Calculate the remainder when k(5) is divided by 14.
12
Let j = -11615 + 12123. Calculate the remainder when j is divided by 129.
121
Let x be 144/1 + (-6 - -11). Let c = 211 - x. What is the remainder when c is divided by 11?
7
Let p be ((-2)/3)/((-6)/702). Suppose z - 12 = -17, -4*z = f + 10. Calculate the remainder when p/(-4)*2/(-1) is divided by f.
9
Let b be 813/(-21) - (-6)/(-21). Let x = 55 + b. Calculate the remainder when 119 is divided by x.
7
Let i = -62 + 158. Suppose 80*t = -4*k + 85*t - 4, 2*k + 8 = 3*t. Calculate the remainder when i is divided by k.
12
Suppose -2*m - y + 10 = 0, 0 = -5*m + y + 15 + 10. Let u(c) = -17*c + 48. Let f be u(4). Calculate the remainder when (-2 - (-332)/20) + 12/f is divided by m.
4
Let z = -410 - -443. What is the remainder when 30*(8/(-2) - 464/(-40)) is divided by z?
30
Let f = 0 - 0. Let k(o) = 136*o**2 - 25*o + 6. Let l be k(2). Suppose 5*q = -f*q + l. What is the remainder when q is divided by 26?
22
Suppose -4*b - 4*o = -8216, 2*b + 57*o - 4123 = 52*o. Calculate the remainder when b is divided by 15.
9
Suppose 24*c - 15*c = 45. Suppose c*t - 12*t + 49 = 0. What is the remainder when 12 is divided by t?
5
Let r(q) be the first derivative of 9/2*q**2 - 13*q + 16. Calculate the remainder when r(5) is divided by 17.
15
Suppose -4*j = 5*s - 119, 2*j - 2*s + s - 49 = 0. Suppose -12362 - 62883 = -745*p. Calculate the remainder when p is divided by j.
23
Let v be (0 - -15) + 1 + 9/(-3). Suppose 0 = 2*x - 15 - v. What is the remainder when x is divided by -10*(3/(-4) - (-13)/(-52))?
4
Let l(p) = -4*p**3 - 116*p**2 - 11*p + 10. What is the remainder when l(-29) is divided by 55?
54
What is the remainder when 7947 is divided by 25*-5*(-2)/25*35/7?
47
Suppose -72 = -1094*a + 1076*a. Calculate the remainder when 114 is divided by a.
2
Let z(o) = 19*o**2 - 17*o + 38. Let s be z(9). Suppose -13*w - 3*w + s = 0. Calculate the remainder when w is divided by 23.
20
Suppose -18*d = -3697 + 277. Suppose 9*v + 64 - d = 0. What is the remainder when 459 is divided by v?
11
Suppose 5*u - 86 = 4. What is the remainder when ((8 + -8)/(-15))/(1 - 2) - -48 is divided by u?
12
Let w = -9917 + 11393. What is the remainder when w is divided by 430?
186
Suppose 5*d - 355 = -7*j + 2*j, 3*d = 4*j + 234. Suppose 6*p - 2*p - 48 = -2*x, -2*p - 46 = -4*x. Calculate the remainder when d is divided by x.
4
Suppose 2020 = 2*n + 23*n + 45. What is the remainder when 5591 is divided by n?
61
Let n = 603 + -415. Suppose -5*q + 2*s + n = -22, 3*s - 42 = -q. What is the remainder when 167 is divided by q?
41
Let i = -32015 - -32220. What is the remainder when i is divided by 37?
20
Let i = -17 - -28. Suppose v = -x + 20, 385*x = -v + 381*x + 2. Calculate the remainder when v is divided by i.
4
Suppose 7*a - 296 = -t + 4*a, 3*t - 878 = a. What is the remainder when t is divided by 193?
100
Calculate the remainder when 66 is divided by 2 + (-3)/((-33)/209).
3
Suppose 0 = 4*x - 7 - 1. Suppose 24 = d - 2*d + 5*z, -x*z + 4 = d. Calculate the remainder when (-38)/d + 9/18 is divided by 4.
2
Let k(p) = -p**3 + 4*p**2 + 3*p - 1. Let w be k(5). Calculate the remainder when (1 - 17)/(2/w) is divided by ((-2)/(-10) - (-384)/(-420))/(28/(-392)).
8
Suppose 1129 = 5*k + 414. Let o = 35589 + -35553. What is the remainder when k is divided by o?
35
Let b = 4 + -1. Let k = b - -30. Suppose -2771 = 60*w - 3491. Calculate the remainder when k is divided by w.
9
Suppose 2*y - 700 = -5*k, -k + 145 = -y + 12. Calculate the remainder when k is divided by 26 + (-8)/2 - 1.
12
Let o(i) = 4*i**2 - 9*i - 4. Suppose 4*f = -3*q + 15 - 0, -5*f + 13 = -2*q. Let v(y) = 43*y. Calculate the remainder when v(1) is divided by o(f).
3
Suppose 4*w - 47 = 21*q - 18*q, 4 = -4*q. What is the remainder when 791 is divided by w?
10
Let v = 0 - -6. Suppose 5*l + 20 = 0, d - v*d - l + 126 = 0. Suppose 8759*j - 8786*j = -3429. What is the remainder when j is divided by d?
23
Let v(a) = -a**3 + 3*a**2 + 8*a + 21. Let r be v(5). Suppose 14*z - 72 = r*z. What is the remainder when z is divided by 12?
0
Suppose -2*z + 1003 = -0*z - 5*l, 5*z = -5*l + 2525. What is the remainder when z is divided by 59?
32
Let h be (-195)/(-21) - (-2)/7*-1. Suppose -5*u + 359 = -r, -h*u + 5*r = -11*u + 122. What is the remainder when 282 is divided by u?
69
Let u = 2863 + -2817. Suppose 0 = -3*r + 6*r - 957. Calculate the remainder when r is divided by u.
43
Suppose -18*w - 6*w + 364 = -17*w. Calculate the remainder when 14400 is divided by w.
48
Let l(o) = -2*o**2 - 1. Let c be l(3). Let s = -6 - c. Suppose -3*m - 120 = -5*q, -4*q + q + 5*m = -72. What is the remainder when q is divided by s?
11
Calculate the remainder when ((-15 + -6 + 4)/(-2))/((-41)/(-1394)) is divided by 44.
25
Suppose 12*q = 21*q - 981. Calculate the remainder when 660 is divided by q.
6
Let i = 16 + -17. Let j be 1 - (-20 - i - -3). Let v = j - -16. Calculate the remainder when v is divided by 12.
9
Suppose 26*t = -2*b + 25*t + 168, 3*b + 5*t - 238 = 0. Calculate the remainder when 104 is divided by b.
18
Suppose 987 = 8*d - d. Suppose -3 = -b, -t + 177 + d = -3*b. What is the remainder when t is divided by 55?
52
Let d(s) = s**2 + 43*s + 962. What is the remainder when d(-36) is divided by 147?
122
Calculate the remainder when 4408 is divided by (-1552)/(-144) + -11 - 1138/(-18).
61
Let g(m) = m**3 - 5*m**2 - m + 3. Let f be g(5). Calculate the remainder when (-3856)/(-176) + f/(-22) is divided by 12.
10
Let c be (-33)/((-2)/(14 - 6)). Let f = 207 - c. Calculate the remainder when f is divided by 17.
7
Let v = -54 - -58. Let g = -18 + 30. Suppose r - 3*r - 1 = k, -4*k = 4*r + g. What is the remainder when v is divided by r?
0
Suppose 4*f + 5*x = 375 - 80, f - 76 = x. Calculate the remainder when 465 is divided by f.
15
Suppose 3*n - 1089 = 3*u, -2*n + 9*u = 10*u - 726. Suppose 2*g - 2*a - 24 = 0, 0 = 46*a - 42*a - 8. What is the remainder when n is divided by g?
13
Let z(t) = t**2 - 55*t - 4. Calculate the remainder when z(-7) is divided by 20.
10
Suppose 115 - 320 = -5*i. Let j = i - 36. Suppose 0 = -j*h + u + 86, 0 = -4*u - 4. Calculate the remainder when h is divided by 5.
2
Let s = -41 - -81. Let g = -46 + s. Calculate the remainder when ((-89)/g)/((-6)/(-36)) is divided by 23.
20
Let f = -229 - -270. Let b = -136 - -253. Calculate the remainder when b is divided by f.
35
Suppose -22*z + 264 = -18*z. Suppose -2*l - 2*t = -z - 194, -5*l + 2*t + 657 = 0. What is the remainder when l is divided by 46?
39
Suppose 0 = 8*g + 5*g - 65. Suppose 0 = 3*w + 6, h - 4 = w - g*w. What is the remainder when 43 is divided by h?
7
Let h(x) = x + 30. Let g(f) = -f**2 + 6*f - 5. Let a be g(5). Let l = 112 - 53. Calculate the remainder when l is divided by h(a).
29
Let g(j) be the second derivative of j**4/12 - j**3 + 3*j**2 + 6*j. Suppose 0 = -188*r + 208*r - 720. What is the remainder when r is divided by g(7)?
10
Let y(d) = 2*d**2 + d + 1. Let u be (-10)/(2/8*1). Calculate the remainder when (((-152)/u)/(1/5))/1 is divided by y(2).
8
Suppose -3*q + 849 = -4*n + 341, -4*n = 3*q - 524. Let k = q + -96. Calculate the remainder when k is divided by 23.
7
Let p = -611 - -314. What is the remainder when 38 is divided by (156/11 - -1) + 54/p?
8
Suppose -4*p + 420 = 2*i, -135 = -3*p - 2*i + 179. Let z = p + -105. What is the remainder when 49 is divided by (31 - 7) + (z - 0)?
24
Suppose 13632 = 50*j - 21218. Calculate the remainder when j is divided by 121.
92
Let q = 1265 - 1252. Calculate the remainder when 461 is divided by q.
6
Suppose 2*w = -4*c + 280, 0 = -908*c + 909*c - w - 61. Calculate the remainder when 2404 is divided by c.
59
Let q(n) = n**2 + 5*n - 1. Let i be q(-5). Let r(h) = -5*h - 1. What is the remainder when (4 + (6 - 11))*-22 is divided by r(i)?
2
Suppose -2833 = 64*w - 157*w + 4700. Calculate the remainder when 125 is divided by w.
44
Calculate the remainder when 1041 is divided by (-19 - -10)/((-6)/(-8)*(-6)/168).
33
Let i(j) = j**3 + 12*j**2 + 8*j + 6. Let f = 149 + -147. Suppose l + 2